 the remainder when 82 is divided by 12.
10
What is the remainder when 644 is divided by 80?
4
Calculate the remainder when 472 is divided by 124.
100
Calculate the remainder when 53 is divided by 17.
2
Calculate the remainder when 458 is divided by 20.
18
What is the remainder when 701 is divided by 22?
19
Calculate the remainder when 1169 is divided by 45.
44
What is the remainder when 386 is divided by 134?
118
Calculate the remainder when 560 is divided by 48.
32
Calculate the remainder when 95 is divided by 16.
15
What is the remainder when 11 is divided by 8?
3
What is the remainder when 1731 is divided by 17?
14
Calculate the remainder when 148 is divided by 105.
43
What is the remainder when 34 is divided by 18?
16
Calculate the remainder when 57 is divided by 11.
2
What is the remainder when 243 is divided by 156?
87
What is the remainder when 163 is divided by 11?
9
Calculate the remainder when 96 is divided by 31.
3
Calculate the remainder when 120 is divided by 30.
0
Calculate the remainder when 475 is divided by 68.
67
What is the remainder when 200 is divided by 53?
41
Calculate the remainder when 200 is divided by 17.
13
What is the remainder when 677 is divided by 99?
83
What is the remainder when 136 is divided by 31?
12
Calculate the remainder when 2564 is divided by 259.
233
What is the remainder when 6056 is divided by 30?
26
Calculate the remainder when 208 is divided by 53.
49
Calculate the remainder when 49 is divided by 44.
5
What is the remainder when 2278 is divided by 40?
38
Calculate the remainder when 141 is divided by 96.
45
What is the remainder when 197 is divided by 26?
15
Calculate the remainder when 136 is divided by 28.
24
What is the remainder when 112 is divided by 21?
7
What is the remainder when 366 is divided by 16?
14
Calculate the remainder when 4060 is divided by 32.
28
What is the remainder when 4271 is divided by 45?
41
Calculate the remainder when 41 is divided by 35.
6
Calculate the remainder when 215 is divided by 98.
19
Calculate the remainder when 547 is divided by 77.
8
What is the remainder when 159 is divided by 67?
25
Calculate the remainder when 4629 is divided by 113.
109
Calculate the remainder when 347 is divided by 56.
11
Calculate the remainder when 24 is divided by 7.
3
What is the remainder when 9 is divided by 3?
0
Calculate the remainder when 1216 is divided by 21.
19
What is the remainder when 14256 is divided by 92?
88
What is the remainder when 107 is divided by 37?
33
What is the remainder when 46 is divided by 32?
14
What is the remainder when 104 is divided by 16?
8
What is the remainder when 146 is divided by 15?
11
What is the remainder when 25 is divided by 20?
5
What is the remainder when 171 is divided by 60?
51
Calculate the remainder when 280 is divided by 89.
13
Calculate the remainder when 361 is divided by 7.
4
Calculate the remainder when 361 is divided by 112.
25
What is the remainder when 31 is divided by 8?
7
What is the remainder when 2807 is divided by 10?
7
Calculate the remainder when 511 is divided by 8.
7
What is the remainder when 362 is divided by 169?
24
What is the remainder when 851 is divided by 172?
163
Calculate the remainder when 188 is divided by 25.
13
What is the remainder when 708 is divided by 26?
6
What is the remainder when 44015 is divided by 336?
335
What is the remainder when 373 is divided by 25?
23
What is the remainder when 154 is divided by 57?
40
Calculate the remainder when 947 is divided by 194.
171
What is the remainder when 82 is divided by 51?
31
What is the remainder when 230 is divided by 78?
74
What is the remainder when 238 is divided by 32?
14
What is the remainder when 27389 is divided by 33?
32
What is the remainder when 1887 is divided by 54?
51
Calculate the remainder when 891 is divided by 90.
81
What is the remainder when 62 is divided by 25?
12
What is the remainder when 71 is divided by 8?
7
What is the remainder when 110 is divided by 79?
31
What is the remainder when 987 is divided by 90?
87
Calculate the remainder when 722 is divided by 227.
41
Calculate the remainder when 3624 is divided by 25.
24
What is the remainder when 1933 is divided by 9?
7
Calculate the remainder when 1140 is divided by 70.
20
What is the remainder when 2557 is divided by 844?
25
Calculate the remainder when 322 is divided by 129.
64
What is the remainder when 282 is divided by 86?
24
Calculate the remainder when 55 is divided by 29.
26
Calculate the remainder when 1423 is divided by 75.
73
Calculate the remainder when 49 is divided by 17.
15
Calculate the remainder when 60 is divided by 21.
18
Calculate the remainder when 130 is divided by 44.
42
What is the remainder when 445 is divided by 334?
111
Calculate the remainder when 732 is divided by 318.
96
What is the remainder when 187 is divided by 82?
23
What is the remainder when 67 is divided by 49?
18
Calculate the remainder when 217 is divided by 28.
21
What is the remainder when 54 is divided by 16?
6
Calculate the remainder when 191 is divided by 113.
78
Calculate the remainder when 135 is divided by 72.
63
Calculate the remainder when 338 is divided by 118.
102
Calculate the remainder when 60 is divided by 35.
25
Calculate the remainder when 150 is divided by 27.
15
Calculate the remainder when 359 is divided by 3.
2
Calculate the remainder when 13298 is divided by 39.
38
What is the remainder when 428 is divided by 86?
84
What is the remainder when 265 is divided by 19?
18
What is the remainder when 254 is divided by 131?
123
What is the remainder when 1167 is divided by 73?
72
What is the remainder when 2275 is divided by 64?
35
What is the remainder when 462 is divided by 67?
60
Calculate the remainder when 629 is divided by 102.
17
What is the remainder when 334 is divided by 165?
4
What is the remainder when 377 is divided by 14?
13
Calculate the remainder when 834 is divided by 207.
6
Calculate the remainder when 370 is divided by 133.
104
Calculate the remainder when 1570 is divided by 12.
10
Calculate the remainder when 54 is divided by 34.
20
What is the remainder when 655 is divided by 151?
51
Calculate the remainder when 2652 is divided by 1322.
8
Calculate the remainder when 58 is divided by 10.
8
What is the remainder when 843 is divided by 19?
7
Calculate the remainder when 615 is divided by 6.
3
What is the remainder when 815 is divided by 118?
107
What is the remainder when 1213 is divided by 597?
19
Calculate the remainder when 558 is divided by 270.
18
What is the remainder when 208 is divided by 18?
10
What is the remainder when 86993 is divided by 81?
80
What is the remainder when 1204 is divided by 687?
517
Calculate the remainder when 1756 is divided by 568.
52
What is the remainder when 265 is divided by 45?
40
Calculate the remainder when 377 is divided by 9.
8
What is the remainder when 70 is divided by 41?
29
Calculate the remainder when 229 is divided by 9.
4
What is the remainder when 535 is divided by 7?
3
Calculate the remainder when 121 is divided by 16.
9
Calculate the remainder when 129 is divided by 45.
39
What is the remainder when 496 is divided by 33?
1
Calculate the remainder when 207 is divided by 30.
27
What is the remainder when 1655 is divided by 12?
11
What is the remainder when 163 is divided by 82?
81
Calculate the remainder when 4041 is divided by 88.
81
Calculate the remainder when 193 is divided by 45.
13
Calculate the remainder when 21 is divided by 2.
1
Calculate the remainder when 8579 is divided by 78.
77
What is the remainder when 2132 is divided by 69?
62
Calculate the remainder when 264 is divided by 67.
63
What is the remainder when 311 is divided by 45?
41
What is the remainder when 2146 is divided by 278?
200
What is the remainder when 113 is divided by 37?
2
What is the remainder when 1457 is divided by 184?
169
What is the remainder when 89 is divided by 23?
20
What is the remainder when 137 is divided by 60?
17
Calculate the remainder when 599 is divided by 25.
24
What is the remainder when 170 is divided by 12?
2
What is the remainder when 346 is divided by 50?
46
Calculate the remainder when 36 is divided by 15.
6
Calculate the remainder when 390 is divided by 90.
30
Calculate the remainder when 515 is divided